{"id":2162,"date":"2014-06-26T20:38:12","date_gmt":"2014-06-26T18:38:12","guid":{"rendered":"https:\/\/karst.sawah.mobi\/?page_id=2162"},"modified":"2018-10-08T08:44:18","modified_gmt":"2018-10-08T06:44:18","slug":"fische-im-ellerbach","status":"publish","type":"page","link":"https:\/\/karst.sawah.mobi\/?page_id=2162","title":{"rendered":"Fische im Ellerbach"},"content":{"rendered":"<p><span style=\"color: #666666;\">Wie die Schutzh\u00fctte des ans\u00e4ssigen Angelvereins erahnen l\u00e4sst, sind in diesen oberen Abschnitten des Ellerbaches auch Fische, wie z. B. die Bachforelle, anzutreffen. Dies ist m\u00f6glich, da der Ellerbach oberhalb der ausgebildeten Bachschwinden\u00a0 in der Regel\u00a0 fast ganzj\u00e4hrig Wasser f\u00fchrt.<\/span><\/p>\n","protected":false},"excerpt":{"rendered":"<p>Wie die Schutzh\u00fctte des ans\u00e4ssigen Angelvereins erahnen l\u00e4sst, sind in diesen oberen Abschnitten des Ellerbaches auch Fische, wie z. B. die Bachforelle, anzutreffen. Dies ist m\u00f6glich, da der Ellerbach oberhalb der ausgebildeten Bachschwinden\u00a0 in der Regel\u00a0 fast ganzj\u00e4hrig Wasser f\u00fchrt.<\/p>\n","protected":false},"author":1,"featured_media":2171,"parent":0,"menu_order":0,"comment_status":"open","ping_status":"open","template":"","meta":{"ngg_post_thumbnail":0},"_links":{"self":[{"href":"https:\/\/karst.sawah.mobi\/index.php?rest_route=\/wp\/v2\/pages\/2162"}],"collection":[{"href":"https:\/\/karst.sawah.mobi\/index.php?rest_route=\/wp\/v2\/pages"}],"about":[{"href":"https:\/\/karst.sawah.mobi\/index.php?rest_route=\/wp\/v2\/types\/page"}],"author":[{"embeddable":true,"href":"https:\/\/karst.sawah.mobi\/index.php?rest_route=\/wp\/v2\/users\/1"}],"replies":[{"embeddable":true,"href":"https:\/\/karst.sawah.mobi\/index.php?rest_route=%2Fwp%2Fv2%2Fcomments&post=2162"}],"version-history":[{"count":2,"href":"https:\/\/karst.sawah.mobi\/index.php?rest_route=\/wp\/v2\/pages\/2162\/revisions"}],"predecessor-version":[{"id":2220,"href":"https:\/\/karst.sawah.mobi\/index.php?rest_route=\/wp\/v2\/pages\/2162\/revisions\/2220"}],"wp:featuredmedia":[{"embeddable":true,"href":"https:\/\/karst.sawah.mobi\/index.php?rest_route=\/wp\/v2\/media\/2171"}],"wp:attachment":[{"href":"https:\/\/karst.sawah.mobi\/index.php?rest_route=%2Fwp%2Fv2%2Fmedia&parent=2162"}],"curies":[{"name":"wp","href":"https:\/\/api.w.org\/{rel}","templated":true}]}}